341330?
341321
In base 4, what is -332 + 1012031?
1011033
In base 10, what is 394931 - -2?
394933
In base 15, what is -292 - -28?
-269
In base 15, what is -4 - -123c8b?
123c87
In base 14, what is -158b - 48?
-15d5
In base 11, what is -1 + 109048?
109047
In base 12, what is 13657 - -1?
13658
In base 7, what is 141 + -155315?
-155144
In base 5, what is 0 - 43141342?
-43141342
In base 16, what is 2 - 6ac9c?
-6ac9a
In base 12, what is 50 - -153?
1a3
In base 2, what is -111 + 110101010110101?
110101010101110
In base 13, what is -2463 + -27?
-248a
In base 4, what is -1030030 + 1222?
-1022202
In base 14, what is -b + -30a47?
-30a54
In base 15, what is c + -2391?
-2384
In base 4, what is -110210 - -1213?
-102331
In base 9, what is -27 - 58441?
-58468
In base 4, what is 3023103201 - -3?
3023103210
In base 9, what is 2528 - 107?
2421
In base 13, what is 9 - -4b696?
4b6a2
In base 14, what is 3 - 33600?
-335db
In base 5, what is -243 - -331?
33
In base 12, what is -1 + 32a9b?
32a9a
In base 9, what is 4 - 1240400?
-1240385
In base 10, what is 30 + 62119?
62149
In base 16, what is -47ac + 5?
-47a7
In base 8, what is -550 - 16?
-566
In base 4, what is 3221131 + 3?
3221200
In base 15, what is 344 - 3?
341
In base 12, what is 4 + 3476b?
34773
In base 12, what is 2a16 + 37?
2a51
In base 15, what is 628 + 3e?
667
In base 15, what is 15 - -4ac1?
4ad6
In base 5, what is 134 - 3132443?
-3132304
In base 7, what is -2214 - -52?
-2132
In base 12, what is 126b495 + -3?
126b492
In base 6, what is -4 + 245?
241
In base 3, what is -121020 + -111222?
-1010012
In base 14, what is 80 - -168?
208
In base 11, what is 25 - -1815?
183a
In base 14, what is -407 - 1220?
-1627
In base 4, what is 3 + -12023102?
-12023033
In base 9, what is -3562 + 1307?
-2254
In base 10, what is 0 + -108821?
-108821
In base 9, what is -24816 - -57?
-24748
In base 4, what is -11 + 2132302?
2132231
In base 9, what is 30 + 3165?
3205
In base 6, what is -4 + 1435453?
1435445
In base 4, what is 113113 + -1?
113112
In base 13, what is 301 + -57?
277
In base 3, what is -22201210 + 1111?
-22200022
In base 8, what is 54104 + -3?
54101
In base 5, what is -2 + -10422312?
-10422314
In base 10, what is -902 + -371?
-1273
In base 5, what is -1333 - 11421?
-13304
In base 5, what is -24212 - 4?
-24221
In base 7, what is 3 + 1254?
1260
In base 14, what is 7 - -1a1b?
1a24
In base 5, what is 0 - 10404304?
-10404304
In base 16, what is -3 - -1f5db?
1f5d8
In base 10, what is 56316 - 5?
56311
In base 7, what is 32 + -3151?
-3116
In base 3, what is 1000000 - 2200021?
-1200021
In base 9, what is -18 - -17127?
17108
In base 3, what is 1210012010 - -112?
1210012122
In base 10, what is -2495 + -40?
-2535
In base 12, what is 1 + -191?
-190
In base 7, what is 0 - 563?
-563
In base 8, what is 0 + 56351?
56351
In base 5, what is 22 - 104034?
-104012
In base 3, what is -11000100 + -12100?
-11012200
In base 6, what is 1450 - 352?
1054
In base 2, what is -110011100011 + 101010?
-110010111001
In base 2, what is 11 + 10010111101110111000?
10010111101110111011
In base 13, what is 789c + 5?
78a4
In base 16, what is e130 - 4?
e12c
In base 15, what is -22e453 + 2?
-22e451
In base 6, what is 240431 - -34?
240505
In base 8, what is -321 + 633?
312
In base 12, what is 51 + 5956?
59a7
In base 7, what is 421300 - 2?
421265
In base 10, what is -171 - 4324?
-4495
In base 16, what is -5 + -f9f1?
-f9f6
In base 15, what is 42 + -276e?
-272c
In base 12, what is 130 - 118?
14
In base 5, what is -31203 + 421?
-30232
In base 7, what is -1053655 + -34?
-1054022
In base 2, what is 1110101010 + -11101?
1110001101
In base 15, what is 13ae + c1?
1480
In base 4, what is -1102330 - -2?
-1102322
In base 15, what is -6 + -a7d3?
-a7d9
In base 15, what is 57ed - -14?
5812
In base 2, what is 1000110 - 10010001010001?
-10010000001011
In base 3, what is -101200022201 + 0?
-101200022201
In base 3, what is -101011 + 11110111?
11002100
In base 16, what is 5430 - 5?
542b
In base 6, what is 220015 - 5?
220010
In base 11, what is 3 + -498393?
-498390
In base 9, what is -162 + -141?
-313
In base 15, what is cb + -2b00?
-2a24
In base 4, what is -10113 - 23?
-10202
In base 13, what is 177 + 1053?
11ca
In base 5, what is -101300 + 0?
-101300
In base 6, what is -141350 + 134?
-141212
In base 5, what is -1101101 + -101?
-1101202
In base 13, what is -3656 + -25?
-367b
In base 14, what is 0 - 51d?
-51d
In base 10, what is 936737 + -1?
936736
In base 9, what is 3 + 3114?
3117
In base 4, what is 122330 - -13122?
202112
In base 11, what is -290a + -29?
-2938
In base 15, what is a81 + -34?
a4c
In base 4, what is 1 - -111301231?
111301232
In base 13, what is 1c1 - 3b?
183
In base 8, what is 24 - 344?
-320
In base 10, what is 3 + -20005?
-20002
In base 2, what is -100 + -11000110000110001001?
-11000110000110001101
In base 4, what is -30323213 + -11?
-30323230
In base 13, what is -8 - 2694?
-269c
In base 8, what is -64 - -216?
132
In base 12, what is 776 - -264?
a1a
In base 14, what is 33a + 3d?
379
In base 3, what is -121102000011 - 1?
-121102000012
In base 11, what is -58219 - 9?
-58227
In base 8, what is -1712 + -12?
-1724
In base 10, what is -30 + 2619?
2589
In base 4, what is 131102 - -1331?
133033
In base 14, what is 16b4 - -11?
16c5
In base 14, what is -34d17 - 1?
-34d18
In base 10, what is -38019 + -4?
-38023
In base 7, what is 14 - 14622?
-14605
In base 11, what is 4 + 2787?
2790
In base 5, what is -2024034 + 10?
-2024024
In base 2, what is 0 - 1101000100111?
-1101000100111
In base 9, what is -10537 + 27?
-10510
In base 15, what is 16bcc + -3a?
16b92
In base 6, what is -55550154 + 2?
-55550152
In base 13, what is 6929a + -4?
69296
In base 3, what is 1011 + 20202002?
20210020
In base 4, what is 101322102 + -10?
101322032
In base 10, what is -555 + -14?
-569
In base 2, what is 1 + -10001100110001101?
-10001100110001100
In base 6, what is -223 + 50?
-133
In base 2, what is -11101010111100 + -111011?
-11101011110111
In base 5, what is -4 + -4330030?
-4330034
In base 14, what is 1da8 + 95?
205d
In base 5, what is 142241130 + -1?
142241124
In base 15, what is -2423 + -4?
-2427
In base 9, what is 2 - -383508?
383511
In base 2, what is 10011010001110 + -11?
10011010001011
In base 8, what is 171 + -42302?
-42111
In base 9, what is -5715608 - -4?
-5715604
In base 9, what is 362176 - -31?
362217
In base 14, what is -1 + 171925?
171924
In base 13, what is -4 + 16a2a?
16a26
In base 16, what is -5 - -14e782?
14e77d
In base 6, what is 21303435 - 5?
21303430
In base 8, what is 40 - -15554?
15614
In base 6, what is -10125 - -3020?
-3105
In base 13, what is 5 + 1574?
1579
In base 7, what is 364140 + 32?
364202
In base 5, what is 1002 + 1301?
2303
In base 6, what is -10540 - 51?
-11031
In base 3, what is 1012022220 - 1?
1012022212
In base 7, what is -11615 + -4?
-11622
In base 8, what is -7461 + -154?
-7635
In base 13, what is -6a - -a54?
9b7
In base 9, what is -3 + -217511?
-217514
In base 12, what is -9 + 107754?
107747
In base 14, what is 0 - 9739?
-9739
In base 13, what is 4 + 19301?
19305
In base 15, what is 23566 - 4?
23562
In base 6, what is -1532 + 25?
-1503
In base 12, what is 57687 - -3?
5768a
In base 4, what is -2 + -10231012?
-10231020
In base 7, what is 206 + -20216?
-20010
In base 8, what is 1410 - 3577?
-2167
In base 8, what is -15 - 135567?
-135604
In base 11, what is -451 + 32?
-41a
In base 6, what is 5 + -51243?
-51234
In base 16, what is 1 - -1869?
186a
In base 13, what is -4 + -c199?
-c1a0
In base 5, what is 2 + 3022110?
3022112
In base 5, what is 10312 - 1444?
3313
In base 11, what is -7a1 + -646?
-1337
In base 13, what is -7 - -5bb?
5b4
In base 15, what is 5 + -591d3?
-591cd
In base 7, what is -65621 + 5?
-65613
In base 13, what is 51 - 1978?
-1927
In base 10, what is 178035 - 0?
178035
In base 6, what is -13322 + -132?
-13454
In base 12, what is -712 - 129?
-83b
In base 3, what is -20222 - -2012002?
1221010
In base 12, what is -3 + 7492?
748b
In base 2, what is 101001001001 + -10100?
101000110101
In base 5, what is 30 + 3040304?
3040334
In base 10, what is 141361 - 2?
141359
In base 8, what is -17 + -33020?
-33037
In base 7, what is 3515 - 2500?
1015
In base 10, what is 0 - 172827?
-172827
In base 7, what is 1 - -15242?
15243
In base 3, what is -102 - -21?
-11
In base 